{"id":408,"date":"2026-03-29T22:15:59","date_gmt":"2026-03-29T20:15:59","guid":{"rendered":"https:\/\/www.xn--hpfburg-lausitz-zvb.de\/huepfburgen\/?post_type=product&#038;p=408"},"modified":"2026-03-29T22:15:59","modified_gmt":"2026-03-29T20:15:59","slug":"zapfanlage-nasskuehlgeraet","status":"publish","type":"product","link":"https:\/\/www.xn--hpfburg-lausitz-zvb.de\/huepfburgen\/product\/zapfanlage-nasskuehlgeraet\/","title":{"rendered":"Zapfanlage &#8211; Nassk\u00fchlger\u00e4t"},"content":{"rendered":"<p>Unser Nassk\u00fchler, mit seiner Zapfleistung von 100 Litern die Stunde, ist die ideale Zapfanlage f\u00fcr Ihre Veranstaltungen und Feiern sowie f\u00fcr die Gastronomie und Hotellerie. Dank der Nassk\u00fchlertechnik k\u00f6nnen Sie eine konstant hohe Zapfleistung \u00fcber Stunden hinweg aufrechterhalten.<\/p>\n","protected":false},"excerpt":{"rendered":"<p>Unser Nassk\u00fchler, mit seiner Zapfleistung von 100 Litern die Stunde, ist die ideale Zapfanlage f\u00fcr Ihre Veranstaltungen und Feiern sowie f\u00fcr die Gastronomie und Hotellerie. Dank der Nassk\u00fchlertechnik k\u00f6nnen Sie eine konstant hohe Zapfleistung \u00fcber Stunden hinweg aufrechterhalten.<\/p>\n","protected":false},"featured_media":409,"comment_status":"open","ping_status":"closed","template":"","meta":[],"product_brand":[],"product_cat":[25],"product_tag":[],"class_list":{"0":"post-408","1":"product","2":"type-product","3":"status-publish","4":"has-post-thumbnail","6":"product_cat-gastro","8":"first","9":"outofstock","10":"taxable","11":"shipping-taxable","12":"purchasable","13":"product-type-simple"},"jetpack_sharing_enabled":true,"_links":{"self":[{"href":"https:\/\/www.xn--hpfburg-lausitz-zvb.de\/huepfburgen\/wp-json\/wp\/v2\/product\/408","targetHints":{"allow":["GET"]}}],"collection":[{"href":"https:\/\/www.xn--hpfburg-lausitz-zvb.de\/huepfburgen\/wp-json\/wp\/v2\/product"}],"about":[{"href":"https:\/\/www.xn--hpfburg-lausitz-zvb.de\/huepfburgen\/wp-json\/wp\/v2\/types\/product"}],"replies":[{"embeddable":true,"href":"https:\/\/www.xn--hpfburg-lausitz-zvb.de\/huepfburgen\/wp-json\/wp\/v2\/comments?post=408"}],"wp:featuredmedia":[{"embeddable":true,"href":"https:\/\/www.xn--hpfburg-lausitz-zvb.de\/huepfburgen\/wp-json\/wp\/v2\/media\/409"}],"wp:attachment":[{"href":"https:\/\/www.xn--hpfburg-lausitz-zvb.de\/huepfburgen\/wp-json\/wp\/v2\/media?parent=408"}],"wp:term":[{"taxonomy":"product_brand","embeddable":true,"href":"https:\/\/www.xn--hpfburg-lausitz-zvb.de\/huepfburgen\/wp-json\/wp\/v2\/product_brand?post=408"},{"taxonomy":"product_cat","embeddable":true,"href":"https:\/\/www.xn--hpfburg-lausitz-zvb.de\/huepfburgen\/wp-json\/wp\/v2\/product_cat?post=408"},{"taxonomy":"product_tag","embeddable":true,"href":"https:\/\/www.xn--hpfburg-lausitz-zvb.de\/huepfburgen\/wp-json\/wp\/v2\/product_tag?post=408"}],"curies":[{"name":"wp","href":"https:\/\/api.w.org\/{rel}","templated":true}]}}