{"id":402,"date":"2026-03-29T21:49:29","date_gmt":"2026-03-29T19:49:29","guid":{"rendered":"https:\/\/www.xn--hpfburg-lausitz-zvb.de\/huepfburgen\/?post_type=product&#038;p=402"},"modified":"2026-03-29T21:49:29","modified_gmt":"2026-03-29T19:49:29","slug":"mobile-mini-glaeserspuelmaschine-277-kw-mit-klarspueler-laugenpumpe","status":"publish","type":"product","link":"https:\/\/www.xn--hpfburg-lausitz-zvb.de\/huepfburgen\/product\/mobile-mini-glaeserspuelmaschine-277-kw-mit-klarspueler-laugenpumpe\/","title":{"rendered":"Mobile Mini-Gl\u00e4sersp\u00fclmaschine &#8211; 2,77 kW &#8211; mit Klarsp\u00fcler- &#038; Laugenpumpe"},"content":{"rendered":"<p><strong>Ausf\u00fchrung<\/strong><\/p>\n<ul>\n<li><strong>Besonders kleines Ger\u00e4t<\/strong><\/li>\n<\/ul>\n<ul>\n<li>Doppelwandige Sp\u00fclmaschine <strong>mit Laugenpumpe<\/strong><\/li>\n<\/ul>\n<ul>\n<li><strong> Unterbau Ger\u00e4t <\/strong><\/li>\n<\/ul>\n<ul>\n<li><strong>Mit Klarsp\u00fclerpumpe<\/strong><\/li>\n<\/ul>\n<ul>\n<li>T\u00fcr\u00f6ffnung mit Sicherheitssystem<\/li>\n<\/ul>\n<ul>\n<li>2 Klarsp\u00fclarme oben und unten<\/li>\n<\/ul>\n<ul>\n<li><strong>1 Wascharm f\u00fcr effektives reinigen<\/strong><\/li>\n<\/ul>\n","protected":false},"excerpt":{"rendered":"<p>Ausf\u00fchrung Besonders kleines Ger\u00e4t Doppelwandige Sp\u00fclmaschine mit Laugenpumpe Unterbau Ger\u00e4t Mit Klarsp\u00fclerpumpe T\u00fcr\u00f6ffnung mit Sicherheitssystem 2 Klarsp\u00fclarme oben und unten 1 Wascharm f\u00fcr effektives reinigen<\/p>\n","protected":false},"featured_media":403,"comment_status":"open","ping_status":"closed","template":"","meta":[],"product_brand":[],"product_cat":[25],"product_tag":[],"class_list":{"0":"post-402","1":"product","2":"type-product","3":"status-publish","4":"has-post-thumbnail","6":"product_cat-gastro","8":"first","9":"outofstock","10":"taxable","11":"shipping-taxable","12":"purchasable","13":"product-type-simple"},"jetpack_sharing_enabled":true,"_links":{"self":[{"href":"https:\/\/www.xn--hpfburg-lausitz-zvb.de\/huepfburgen\/wp-json\/wp\/v2\/product\/402","targetHints":{"allow":["GET"]}}],"collection":[{"href":"https:\/\/www.xn--hpfburg-lausitz-zvb.de\/huepfburgen\/wp-json\/wp\/v2\/product"}],"about":[{"href":"https:\/\/www.xn--hpfburg-lausitz-zvb.de\/huepfburgen\/wp-json\/wp\/v2\/types\/product"}],"replies":[{"embeddable":true,"href":"https:\/\/www.xn--hpfburg-lausitz-zvb.de\/huepfburgen\/wp-json\/wp\/v2\/comments?post=402"}],"wp:featuredmedia":[{"embeddable":true,"href":"https:\/\/www.xn--hpfburg-lausitz-zvb.de\/huepfburgen\/wp-json\/wp\/v2\/media\/403"}],"wp:attachment":[{"href":"https:\/\/www.xn--hpfburg-lausitz-zvb.de\/huepfburgen\/wp-json\/wp\/v2\/media?parent=402"}],"wp:term":[{"taxonomy":"product_brand","embeddable":true,"href":"https:\/\/www.xn--hpfburg-lausitz-zvb.de\/huepfburgen\/wp-json\/wp\/v2\/product_brand?post=402"},{"taxonomy":"product_cat","embeddable":true,"href":"https:\/\/www.xn--hpfburg-lausitz-zvb.de\/huepfburgen\/wp-json\/wp\/v2\/product_cat?post=402"},{"taxonomy":"product_tag","embeddable":true,"href":"https:\/\/www.xn--hpfburg-lausitz-zvb.de\/huepfburgen\/wp-json\/wp\/v2\/product_tag?post=402"}],"curies":[{"name":"wp","href":"https:\/\/api.w.org\/{rel}","templated":true}]}}